 5, 43, 2243
What are the prime factors of 7830314?
2, 3915157
List the prime factors of 9865622.
2, 13, 613, 619
What are the prime factors of 270614?
2, 269, 503
What are the prime factors of 9774614?
2, 1523, 3209
List the prime factors of 196498.
2, 19, 5171
What are the prime factors of 326098?
2, 103, 1583
List the prime factors of 3931291.
7, 13, 43201
List the prime factors of 589920.
2, 3, 5, 1229
What are the prime factors of 104717?
104717
List the prime factors of 3290898.
2, 3, 13, 31, 1361
What are the prime factors of 9574956?
2, 3, 88657
What are the prime factors of 12820166?
2, 349, 18367
List the prime factors of 480441.
3, 13, 97, 127
What are the prime factors of 10000514?
2, 5000257
List the prime factors of 15707873.
23, 682951
What are the prime factors of 2812737?
3, 283, 3313
What are the prime factors of 343868?
2, 7, 12281
What are the prime factors of 187702?
2, 93851
List the prime factors of 1453113.
3, 53819
What are the prime factors of 2057303?
2057303
What are the prime factors of 281524?
2, 70381
What are the prime factors of 1934128?
2, 7, 2467
What are the prime factors of 20464748?
2, 19, 67, 4019
List the prime factors of 64017.
3, 2371
List the prime factors of 93946.
2, 107, 439
What are the prime factors of 667442?
2, 333721
What are the prime factors of 32400?
2, 3, 5
What are the prime factors of 16428386?
2, 13, 631861
What are the prime factors of 12587788?
2, 1579, 1993
List the prime factors of 78289.
79, 991
List the prime factors of 19846832.
2, 241, 5147
List the prime factors of 13890736.
2, 868171
List the prime factors of 211489.
19, 11131
List the prime factors of 108614.
2, 11, 4937
What are the prime factors of 1672839?
3, 7, 53, 167
List the prime factors of 9841534.
2, 479, 10273
List the prime factors of 632489.
11, 13, 4423
List the prime factors of 28729.
28729
List the prime factors of 1213285.
5, 151, 1607
List the prime factors of 323802.
2, 3, 17989
List the prime factors of 15719770.
2, 5, 11, 142907
What are the prime factors of 181466?
2, 41, 2213
List the prime factors of 1771784.
2, 7, 29, 1091
What are the prime factors of 541082?
2, 19, 29, 491
List the prime factors of 6531102.
2, 3, 127, 2857
What are the prime factors of 2108282?
2, 11, 61, 1571
List the prime factors of 2983499.
2983499
What are the prime factors of 1584831?
3, 653, 809
List the prime factors of 320579.
7, 41, 1117
List the prime factors of 880746.
2, 3, 181, 811
What are the prime factors of 30185770?
2, 5, 107, 28211
List the prime factors of 12031.
53, 227
List the prime factors of 6585176.
2, 13, 23, 2753
List the prime factors of 41678.
2, 7, 13, 229
What are the prime factors of 1349858?
2, 674929
List the prime factors of 1043547.
3, 347849
What are the prime factors of 10115353?
19, 157, 3391
What are the prime factors of 23828305?
5, 17, 31, 9043
What are the prime factors of 137651?
179, 769
What are the prime factors of 1359306?
2, 3, 13, 37, 157
List the prime factors of 4450812.
2, 3, 421, 881
What are the prime factors of 3158742?
2, 3, 59, 8923
List the prime factors of 160546.
2, 80273
What are the prime factors of 3233995?
5, 17, 38047
List the prime factors of 263096.
2, 32887
What are the prime factors of 22432018?
2, 7, 61, 26267
What are the prime factors of 9094746?
2, 3, 1515791
List the prime factors of 18909409.
73, 259033
List the prime factors of 31970137.
31970137
List the prime factors of 992743.
53, 18731
What are the prime factors of 21816956?
2, 7, 79, 1409
List the prime factors of 3159570.
2, 3, 5, 105319
List the prime factors of 390641.
113, 3457
What are the prime factors of 320490?
2, 3, 5, 1187
List the prime factors of 2302109.
41, 56149
What are the prime factors of 205713?
3, 19, 401
List the prime factors of 2245136.
2, 140321
List the prime factors of 52264.
2, 47, 139
What are the prime factors of 29257974?
2, 3, 43, 103, 367
What are the prime factors of 515360?
2, 5, 3221
What are the prime factors of 806632?
2, 100829
What are the prime factors of 4004376?
2, 3, 166849
List the prime factors of 3310003.
109, 30367
What are the prime factors of 391940?
2, 5, 19597
What are the prime factors of 10326453?
3, 71, 48481
What are the prime factors of 1845551?
1845551
List the prime factors of 18170346.
2, 3, 19, 159389
List the prime factors of 840510.
2, 3, 5, 11, 283
What are the prime factors of 7186659?
3, 487, 4919
What are the prime factors of 278145?
3, 5, 7, 883
List the prime factors of 27639902.
2, 13819951
List the prime factors of 2429.
7, 347
List the prime factors of 23595814.
2, 11, 1072537
List the prime factors of 691768.
2, 7, 11, 1123
What are the prime factors of 107557?
59, 1823
What are the prime factors of 321158?
2, 160579
What are the prime factors of 21868335?
3, 5, 19, 25577
List the prime factors of 2181080.
2, 5, 11, 4957
What are the prime factors of 811643?
7, 47, 2467
What are the prime factors of 971240?
2, 5, 24281
List the prime factors of 2068578.
2, 3, 113
What are the prime factors of 435192?
2, 3, 18133
List the prime factors of 83998.
2, 41999
What are the prime factors of 451982?
2, 67, 3373
List the prime factors of 320447.
31, 10337
What are the prime factors of 393227?
17, 23131
What are the prime factors of 1579272?
2, 3, 23, 2861
What are the prime factors of 1267837?
1267837
List the prime factors of 598791.
3, 17, 59, 199
List the prime factors of 112856.
2, 14107
List the prime factors of 44994789.
3, 7, 257, 397
List the prime factors of 2802420.
2, 3, 5, 15569
List the prime factors of 14255678.
2, 2347, 3037
What are the prime factors of 6789?
3, 31, 73
What are the prime factors of 3565108?
2, 891277
List the prime factors of 725622.
2, 3, 120937
List the prime factors of 252455.
5, 7, 7213
List the prime factors of 299545.
5, 139, 431
What are the prime factors of 1490583?
3, 113, 4397
List the prime factors of 329234.
2, 164617
What are the prime factors of 2455037?
13, 127, 1487
What are the prime factors of 248837?
23, 31, 349
What are the prime factors of 5533719?
3, 107, 17239
List the prime factors of 14617936.
2, 43, 21247
List the prime factors of 3887510.
2, 5, 11, 59, 599
List the prime factors of 7929151.
29, 79, 3461
What are the prime factors of 872344?
2, 11, 23, 431
What are the prime factors of 204988?
2, 7, 7321
What are the prime factors of 11520059?
11520059
List the prime factors of 3344710.
2, 5, 59, 5669
What are the prime factors of 12218007?
3, 19, 214351
What are the prime factors of 328495?
5, 65699
What are the prime factors of 12078644?
2, 3019661
List the prime factors of 50678.
2, 25339
What are the prime factors of 129655?
5, 25931
What are the prime factors of 18723413?
18723413
List the prime factors of 71120.
2, 5, 7, 127
List the prime factors of 1343201.
41, 181
What are the prime factors of 223617?
3, 131, 569
List the prime factors of 151137.
3, 7, 2399
What are the prime factors of 3700946?
2, 67, 71, 389
List the prime factors of 5420801.
23, 211, 1117
What are the prime factors of 2598514?
2, 1299257
List the prime factors of 12612258.
2, 3, 700681
List the prime factors of 266911.
89, 2999
What are the prime factors of 7819596?
2, 3, 83, 2617
What are the prime factors of 9281681?
523, 17747
What are the prime factors of 270416?
2, 16901
What are the prime factors of 444318?
2, 3, 7, 71, 149
What are the prime factors of 283830?
2, 3, 5, 9461
List the prime factors of 226253.
17, 13309
What are the prime factors of 279392?
2, 8731
What are the prime factors of 1802238?
2, 3, 17, 17669
What are the prime factors of 312557?
7, 44651
What are the prime factors of 10713119?
71, 150889
What are the prime factors of 6849771?
3, 29, 43, 1831
List the prime factors of 598821.
3, 29, 6883
List the prime factors of 18454204.
2, 4613551
What are the prime factors of 707628?
2, 3, 109, 541
List the prime factors of 283079.
283079
What are the prime factors of 811220?
2, 5, 47, 863
What are the prime factors of 569275?
5, 7, 3253
List the prime factors of 973549.
499, 1951
What are the prime factors of 892734?
2, 3, 19, 41, 191
List the prime factors of 15684790.
2, 5, 11, 142589
List the prime factors of 110791.
23, 4817
What are the prime factors of 496669?
496669
List t